 3, 7
Let g(w) be the first derivative of 7*w**3/3 + 3*w**2 - 16*w - 166. Suppose 5*v - z = 26, 2*v - 2 = -z + 14. List the prime factors of g(v).
2, 17
Let a = -259 - -268. Let w(o) = -195*o + o**2 + o**2 + 196*o - 10. List the prime factors of w(a).
7, 23
Suppose 3*z - z = -2*x + 8618, 5*z = 3*x + 21561. List the prime factors of z.
3, 479
Let h(b) = 112*b**3 - 2*b**2 + 2*b. Suppose -11*y + 18 = 7*y. What are the prime factors of h(y)?
2, 7
Let b(k) = 66*k**2 + 33*k + 172. List the prime factors of b(-6).
2, 5, 47
Let c = 2 + -2. Suppose -7*s + 4*s = 2*i - 15, -3*i + 9 = c. Suppose -4*q = -4*h + 48, 4 = -s*h - q + 20. What are the prime factors of h?
7
Suppose 32*i = 4*i + 4396. Let u = 627 - 370. Let p = u - i. What are the prime factors of p?
2, 5
Let a(r) = -6*r + 20*r - 9 - 12*r. Let l be a(13). Suppose -5*q = -638 - l. List the prime factors of q.
131
Let b(i) = -64*i - 15. Let u be b(-19). Suppose 4*o = -3*a + u, -500 = -2*o + a + 113. List the prime factors of o.
2, 19
Suppose 3*u = 3*m - 90, -5*m + 37 = 5*u - 153. Let q = 39 - m. What are the prime factors of q?
5
Suppose 0 = 41*g - 45*g + 35812. List the prime factors of g.
7, 1279
Let t(j) = -11*j**2 - 9 + j**2 + 4*j**2 - 2*j. Let d(a) = 7*a**2 + a + 8. Let i(z) = -5*d(z) - 6*t(z). List the prime factors of i(-11).
2, 29
Suppose 149*d - 23*d + 26*d - 6315904 = 0. List the prime factors of d.
2, 7, 53
Suppose -4*b - 5*i - 2 = 0, 2*i - 17 = 4*b - 1. Let k be 9 + -6 + b + 8. Suppose -3*n - 327 = -4*d - k*n, d - 4*n = 87. What are the prime factors of d?
83
Let s(w) = w**2 + 9*w + 13. Let f be s(-7). Let g be (-2 - -5) + 6 - f. Suppose -4*a - g = -2*j, -4*a + 25 = 5*j + a. What are the prime factors of j?
5
Let w = -6838 + 35203. What are the prime factors of w?
3, 5, 31, 61
Let r(v) = 1928*v**2 + 191*v + 969. What are the prime factors of r(-5)?
2, 24107
Let b(q) = 336*q + 3444. What are the prime factors of b(26)?
2, 3, 5, 7, 29
Let t(v) = 11*v - 13. Let l(n) = 10*n - 11. Let g(y) = 6*l(y) - 5*t(y). Let h be g(1). What are the prime factors of 3/5 + h + 2674/10?
2, 17
Let d be (-68585)/6 - (-2)/(-12). Let x be 2/(-5) - d/115. Let s = 188 - x. List the prime factors of s.
89
Let x be (6 + 13)/((-3)/(-1059)). Suppose 0 = 13*v - x - 5110. What are the prime factors of v?
3, 101
Suppose 9*y + 0 = -18. Let u be ((-9042)/21)/(-2) + y/7. What are the prime factors of u - (20/5 - 1)?
2, 53
Let t = 532 + -528. Suppose -t*a + 4*o + 1607 = 499, -3*a + 2*o = -830. What are the prime factors of a?
2, 3, 23
Let q = -15 + 27. Let c(g) = -4*g**2 + 28*g - 2. Let i(w) = 5*w**2 - 28*w + 3. Let y(p) = 4*c(p) + 3*i(p). List the prime factors of y(q).
193
Let z(i) be the third derivative of 1/3*i**3 + 14*i**2 + 0*i - 7/8*i**4 + 0. List the prime factors of z(-3).
5, 13
Suppose 2*z = -4*i - 16, -2*z - 5*i = z + 24. Let p(y) = -26*y + 24. Let w be p(z). Let d = w - 44. List the prime factors of d.
2, 47
Let g = -276 + 280. Let o(v) = 4*v - 6 - 4*v**2 + 3*v**3 + 4*v + 0 + 2. List the prime factors of o(g).
2, 3, 13
Let y be -3 - (7 + (3 - 8)). List the prime factors of ((-31658)/(-110))/((-1)/y).
1439
Let r(y) be the first derivative of 23*y**2 + 6*y + 46. What are the prime factors of r(7)?
2, 41
Let w(o) = -3*o + 121. Let k be w(33). Suppose -k*u - 12278 = -36*u. What are the prime factors of u?
877
Let h be 18/27*(-4 + 1846). Suppose -f + w + h = 0, -4*f - w = -f - 3696. List the prime factors of f.
1231
Let d(v) = -16*v**3 + 87*v**2 - 21*v + 40. What are the prime factors of d(-8)?
2, 3, 97
Let s = -71056 + 120773. List the prime factors of s.
83, 599
Let w be 8/(-72)*-861 + 2/(-3). Suppose -m - 172 = -c + w, 3*c - 821 = -m. What are the prime factors of c?
2, 17
Let o(v) = -28*v - 16. Let p(h) = 20*h + 84. Let w(x) = -4*x - 17. Let n(d) = -2*p(d) - 11*w(d). Let l be n(-6). List the prime factors of o(l).
2, 31
Let v(t) = 12*t**2 - 38*t + 4. List the prime factors of v(23).
2, 3, 11, 83
Suppose -4 = 4*p - 6*v + 5*v, 4*p + 28 = -5*v. What are the prime factors of ((-572)/91)/(p/7)?
2, 11
Let j = 1568 - 884. Let y = j + -310. List the prime factors of y/5 - 1 - 3/(-15).
2, 37
Let n = 8564 + 14225. What are the prime factors of n?
13, 1753
Let c be -4 - (-185)/((-20)/4). Let u = -183 - -311. Let j = c + u. What are the prime factors of j?
3, 29
Let r = 36071 - 19936. What are the prime factors of r?
5, 7, 461
Let n = 277 + -284. What are the prime factors of (-2564)/n - (-20)/(-70)?
2, 3, 61
Suppose -5*u + 303 - 1533 = 0. Let b = u - -580. What are the prime factors of b?
2, 167
Let k = -1628 + 8389. What are the prime factors of k?
6761
Let l(f) = -143*f**3 - 8*f**2 - 18*f - 168. List the prime factors of l(-7).
3, 5, 7, 463
Let n(t) = -34*t - 14. Let a be n(-6). Suppose -a - 192 = 2*o - 4*w, 5*o - w = -982. Let q = -98 - o. What are the prime factors of q?
3, 11
Let p(n) = 34*n**2 + 59*n + 338. List the prime factors of p(-5).
19, 47
Suppose 6999 - 26531 = -2*f - 4*u, 5*f = -4*u + 48794. What are the prime factors of f?
2, 4877
Let o be (3/(-15) - -1)*120/6. Let n = o - 12. Suppose u - 455 = -n*u. List the prime factors of u.
7, 13
Let z(t) = -418*t**3 - 23*t - 98. List the prime factors of z(-5).
52267
Suppose 4*u - 220 = -0*u + 4*n, 5*u - 277 = 3*n. Suppose -3*h + 2*h + u = 4*m, -70 = -5*m - 2*h. Suppose -s + 107 + m = 0. What are the prime factors of s?
11
Suppose 233*q = 230*q + 150. Suppose -170 = -2*v + q. What are the prime factors of v?
2, 5, 11
Let j be 175710/240 + (-2)/16. Let b = 1512 - j. List the prime factors of b.
2, 3, 5, 13
Suppose 4*v + 15 = 7*v. What are the prime factors of (-6155)/(-30) + ((-25)/30)/v?
5, 41
Let k = 12241 + -3419. List the prime factors of k.
2, 11, 401
Let h(l) = -8*l**2 + 1593*l + 725. List the prime factors of h(101).
2, 3, 5, 7, 127
Let a(r) = 5739*r - 100. List the prime factors of a(4).
2, 2857
Let w(s) = 468 - 472 - 9*s + 2*s**2 - s. Let d be w(6). Let p(b) = -b**3 + 10*b**2 - 11*b - 8. What are the prime factors of p(d)?
2
Let h = -2165 - -4046. What are the prime factors of h?
3, 11, 19
Let j = 50766 - 30380. List the prime factors of j.
2, 10193
List the prime factors of 6/(-4) + 1239/590 + (-357264)/(-10).
3, 11909
Let n = -3817 + 13149. What are the prime factors of n?
2, 2333
Let v(f) = 28*f**2 - 10*f - 116. What are the prime factors of v(13)?
2, 2243
Suppose 254*j - 18458995 = 1601417. List the prime factors of j.
2, 3, 13163
Suppose -29 = -49*i + 48*i. Let k(q) = -q**3 + 29*q**2 + 13*q - 40. Let v be k(i). Suppose 0 = 6*o - v + 31. List the prime factors of o.
3, 17
Suppose 105180 = 3*d + 3*g + 32469, -5*d = -5*g - 121245. What are the prime factors of d?
3, 8081
Let r(l) = 37*l + 201. Let y be r(22). Let s = 1704 - y. List the prime factors of s.
13, 53
Suppose -4*l - 3*b = -21071, -1825 = -l + b + 3434. What are the prime factors of l?
2, 7, 47
Let v(d) = 2*d**2 + 24*d + 7. Let w be v(-14). Suppose 106 = -5*m + 3*j + 513, 0 = 4*j + 16. Let l = m - w. List the prime factors of l.
2
Let h(d) = -d**3 + 131*d**2 + 227*d + 2264. List the prime factors of h(131).
3, 10667
Suppose 0 = 65*t - 95858 - 497787. List the prime factors of t.
9133
Suppose 81928 = 6*c + 2*b, 12*c = 7*c - 2*b + 68275. List the prime factors of c.
3, 37, 41
Let n(m) = 9*m + 204 - 135*m + 196 + 2*m - 383. List the prime factors of n(-9).
11, 103
Let b(a) = a**2 + 21*a + 94. Let x be b(-18). Suppose -1219 = x*r - 41*r. What are the prime factors of r?
23, 53
Let d = 707 - 421. Suppose -3*i = -d + 70. Suppose -6 - 57 = -q - m, -4*m = q - i. List the prime factors of q.
2, 3, 5
Suppose 0*a = 2*a - 8. Suppose -v - j - 20 = a*j, -5*v = -4*j - 45. Let t(o) = 16*o + 6. List the prime factors of t(v).
2, 43
Let d(a) = -174*a + 40. Let s(v) = 172*v - 42. Let x(h) = -4*d(h) - 5*s(h). What are the prime factors of x(-6)?
2, 11, 47
Suppose -26*w + 17*w + 1656 = 0. Suppose -1 = n - 5*v + 6, -4*v + 20 = 4*n. Suppose n*m = -2*o + 133, -2*m + w = 4*o - 70. List the prime factors of o.
2, 31
Let h(g) = -7*g - 44. Let u be h(-7). Suppose 0 = -5*f + p + 27, f + u*p - 1 = 3*p. What are the prime factors of (-151)/(-9) + (-4)/(-90)*f?
17
Let n(s) = -s**3 - 7*s**2 + 16*s - 5. Let l be n(-12). Suppose 6*d - 115 + l = 0. What are the prime factors of 6 - d - (-4 + 2)?
2, 19
Let u be (70/8 + 1)/((-27)/(